{"id":1048,"date":"2020-03-03T13:06:12","date_gmt":"2020-03-03T12:06:12","guid":{"rendered":"https:\/\/www.l-appartements.de\/wp\/?page_id=1048"},"modified":"2025-06-17T12:28:55","modified_gmt":"2025-06-17T10:28:55","slug":"datenschutz","status":"publish","type":"page","link":"https:\/\/www.l-appartements.de\/index.php\/datenschutz\/","title":{"rendered":"Datenschutz"},"content":{"rendered":"\t\t<div data-elementor-type=\"wp-page\" data-elementor-id=\"1048\" class=\"elementor elementor-1048\">\n\t\t\t\t\t\t<div class=\"elementor-inner\">\n\t\t\t\t<div class=\"elementor-section-wrap\">\n\t\t\t\t\t\t\t\t\t<section class=\"elementor-section elementor-top-section elementor-element elementor-element-207c3560 elementor-section-stretched elementor-section-boxed elementor-section-height-default elementor-section-height-default\" data-id=\"207c3560\" data-element_type=\"section\" data-settings=\"{&quot;stretch_section&quot;:&quot;section-stretched&quot;}\">\n\t\t\t\t\t\t<div class=\"elementor-container elementor-column-gap-default\">\n\t\t\t\t\t\t\t<div class=\"elementor-row\">\n\t\t\t\t\t<div class=\"elementor-column elementor-col-100 elementor-top-column elementor-element elementor-element-74c1f6f\" data-id=\"74c1f6f\" data-element_type=\"column\">\n\t\t\t<div class=\"elementor-column-wrap elementor-element-populated\">\n\t\t\t\t\t\t\t<div class=\"elementor-widget-wrap\">\n\t\t\t\t\t\t<div class=\"elementor-element elementor-element-15b749c5 elementor-widget elementor-widget-text-editor\" data-id=\"15b749c5\" data-element_type=\"widget\" data-widget_type=\"text-editor.default\">\n\t\t\t\t<div class=\"elementor-widget-container\">\n\t\t\t\t\t\t\t\t<div class=\"elementor-text-editor elementor-clearfix\">\n\t\t\t\t<div data-id=\"646ce83e\" data-element_type=\"widget\" data-widget_type=\"text-editor.default\"><div><div><p><strong>Grundsatz<\/strong><\/p><p>Wir nehmen den Schutz Ihrer pers\u00f6nlichen Daten sehr ernst und behandeln Ihre personenbezogenen Daten vertraulich und entsprechend der gesetzlichen Datenschutzvorschriften sowie dieser Datenschutzerkl\u00e4rung.<\/p><p><strong>Nutzungsbedingungen\u00a0<\/strong><\/p><p>Der Zugang zu und die Nutzung dieser Webseite unterliegen den nachstehenden Bedingungen dieser Datenschutzerkl\u00e4rung. Sollten Sie hiermit nicht einverstanden sein, nutzen Sie diese Seite bitte nicht.<\/p><p>l&#8217;appartements beh\u00e4lt sich vor, die Nutzungsbedingungen jederzeit zu \u00e4ndern. Sollten Sie die Webseite erneut aufsuchen, so pr\u00fcfen Sie bitte, ob sich die Nutzungsbedingungen dieser Datenschutzerkl\u00e4rung ge\u00e4ndert haben.<\/p><p><strong>Datenerhebung<\/strong><\/p><p>Wir erheben Daten beim Anbahnen, beim Abschluss, beim Abwickeln und beim R\u00fcckabwickeln eines Kaufvertrages. Diese Daten werden von uns erhoben, gespeichert und verarbeitet.<\/p><p>Ihr Besuch auf unseren Webseiten wird protokolliert. Erfasst werden im Wesentlichen die aktuell von Ihrem PC verwendete IP-Adresse, Datum und Uhrzeit, der Browsertyp und das Betriebssystem Ihres PC sowie die von Ihnen betrachteten Seiten. Ein Personenbezug ist uns im Regelfall nicht m\u00f6glich und auch nicht beabsichtigt.<\/p><p><strong>Datenverwendung und -weitergabe<\/strong><\/p><p>Die personenbezogenen Daten, die Sie uns z.B. per E-Mail mitteilen (z.B. Ihr Name und Ihre Adresse oder Ihre E-Mail-Adresse), werden nur zur Korrespondenz mit Ihnen und nur f\u00fcr den Zweck verarbeitet, zu dem Sie uns die Daten zur Verf\u00fcgung gestellt haben.<\/p><p>Wir versichern, dass wir Ihre personenbezogenen Daten nicht an Dritte weitergeben, es sei denn, dass wir dazu gesetzlich verpflichtet w\u00e4ren oder Sie uns vorher Ihre Zustimmung gegeben haben. Soweit wir zur Durchf\u00fchrung und Abwicklung von Verarbeitungsprozessen Dienstleister in Anspruch nehmen, werden die Vertragsverh\u00e4ltnisse nach den Bestimmungen des Bundesdatenschutzgesetzes geregelt und gem\u00e4\u00df dieser Datenschutzerkl\u00e4rung.<\/p><p><strong>Einwilligung und Widerruf<\/strong><\/p><p>Wenn Sie uns personenbezogene Daten \u00fcberlassen haben, k\u00f6nnen Sie diese jederzeit wieder l\u00f6schen. Daten f\u00fcr Abrechnungs- und buchhalterische Zwecke sind von einer K\u00fcndigung\/einem Widerruf bzw. von einer L\u00f6schung nicht ber\u00fchrt.<\/p><p>Bitte kontaktieren Sie uns unter <a href=\"mailto:info@l-appartements.de?subject=Anfrage%20zum%20Datenschutz\">info(at)l-appartements.de<\/a><a>.<\/a><\/p><p>Jede betroffene Person kann sich jederzeit bei allen Fragen und Anregungen zum Datenschutz direkt an unseren Ansprechpartner wenden.<\/p><p><strong>Speicherdauer<\/strong><\/p><p>Personenbezogene Daten, die uns \u00fcber unsere Website mitgeteilt worden sind, werden nur so lange gespeichert, bis der Zweck erf\u00fcllt ist, zu dem sie uns anvertraut wurden. Soweit handels- und steuerrechtliche Aufbewahrungsfristen zu beachten sind, kann die Speicherdauer zu bestimmten Daten bis zu 10 Jahre betragen.<\/p><p><strong>Verwendung von Cookies<\/strong><\/p><p>Eine Nutzung unseres Angebotes erfolgt mit dem Einsatz eines Cookies. Voraussetzung hierf\u00fcr ist, dass Sie die Cookies in Ihren Browsereinstellungen aktiviert haben. In dem Cookie werden ein zuf\u00e4llig generierter Session-Code und gegebenenfalls Ihre Kunden-ID gespeichert. Damit ist es m\u00f6glich, Sie als registrierter Kunde zu erkennen. Voraussetzung hierf\u00fcr ist, dass Sie die Cookies in Ihren Einstellungen aktiviert haben.<\/p><p><strong>Kontaktformular<\/strong><\/p><p>Wenn Sie uns per Kontaktformular Anfragen zukommen lassen, werden Ihre Angaben aus dem Anfrageformular inklusive der von Ihnen dort angegebenen Kontaktdaten zwecks Bearbeitung der Anfrage bei uns gespeichert. Diese Daten geben wir gem\u00e4\u00df unserer Datenschutzerkl\u00e4rung nicht ohne Ihre Einwilligung weiter.<\/p><p><strong>Google Webfonts<\/strong><\/p><p>Diese Seite verwendet zur Darstellung der Schrift sogenannte Webfonts. Diese werden von Google bereitgestellt (<a href=\"http:\/\/www.google.com\/webfonts\/\" target=\"_blank\" rel=\"noopener\">http:\/\/www.google.com\/webfonts\/<\/a>). Dazu l\u00e4dt beim Aufrufen der Seite ihr Browser die ben\u00f6tigte Schriftart in ihren Browsercache. Dies ist notwendig damit auch ihr Browser eine optisch verbesserte Darstellung unserer Texte anzeigen kann. Wenn ihr Browser diese Funktion nicht unterst\u00fctzt, wird eine Standardschrift von ihrem Computer zur Anzeige genutzt.<\/p><p>Weitergehende Informationen zu Google Webfonts finden sie unter <a href=\"https:\/\/developers.google.com\/fonts\/faq?hl=de-DE&amp;csw=1\" target=\"_blank\" rel=\"noopener\">https:\/\/developers.google.com\/fonts\/faq?hl=de-DE&amp;csw=1.<\/a><\/p><p>Allgemeine Informationen zum Thema Datenschutz bei Google finden sie unter <a href=\"http:\/\/www.google.com\/intl\/de-DE\/policies\/privacy\/\" target=\"_blank\" rel=\"noopener\">https:\/\/policies.google.com\/privacy.<\/a><\/p><p><strong>SSL-Verschl\u00fcsselung<\/strong><\/p><p>Diese Seite nutzt aus Sicherheitsgr\u00fcnden und zum Schutz der \u00dcbertragung vertraulicher Inhalte wie zum Beispiel Anfragen, die Sie an uns als Seitenbetreiber senden, eine SSL-bzw. TLS-Verschl\u00fcsselung. Eine verschl\u00fcsselte Verbindung erkennen Sie daran, dass die Adresszeile des Browsers von \u201chttp:\/\/\u201d auf \u201chttps:\/\/\u201d wechselt und an dem Schloss-Symbol in Ihrer Browserzeile.<\/p><p><strong>Weitere Informationen<\/strong><\/p><p>Sollten Sie mit der Speicherung Ihrer personenbezogenen Daten nicht mehr einverstanden oder diese unrichtig geworden sein, werden wir auf eine entsprechende Weisung hin die L\u00f6schung oder Sperrung Ihrer Daten veranlassen oder die notwendigen Korrekturen vornehmen (soweit dies nach dem geltendem Recht m\u00f6glich ist).<\/p><p>Bei Fragen zur Erhebung, Verarbeitung oder Nutzung Ihrer personenbezogenen Daten, bei Ausk\u00fcnften, Berichtigung, Sperrung oder L\u00f6schung von Daten wenden Sie sich bitte per E-Mail an <a href=\"mailto:info@l-appartements.de?subject=Anfrage%20zum%20Datenschutz\">info(at)l-appartements.de<\/a><a>.<\/a><\/p><p>Datenschutzerkl\u00e4rung, Stand 06\/2025<\/p><\/div><\/div><\/div>\t\t\t\t\t<\/div>\n\t\t\t\t\t\t<\/div>\n\t\t\t\t<\/div>\n\t\t\t\t<div class=\"elementor-element elementor-element-594904c2 elementor-widget elementor-widget-text-editor\" data-id=\"594904c2\" data-element_type=\"widget\" data-widget_type=\"text-editor.default\">\n\t\t\t\t<div class=\"elementor-widget-container\">\n\t\t\t\t\t\t\t\t<div class=\"elementor-text-editor elementor-clearfix\">\n\t\t\t\t\t\t\t\t\t<\/div>\n\t\t\t\t\t\t<\/div>\n\t\t\t\t<\/div>\n\t\t\t\t\t\t<\/div>\n\t\t\t\t\t<\/div>\n\t\t<\/div>\n\t\t\t\t\t\t\t\t<\/div>\n\t\t\t\t\t<\/div>\n\t\t<\/section>\n\t\t\t\t\t\t\t\t\t<\/div>\n\t\t\t<\/div>\n\t\t\t\t\t<\/div>\n\t\t","protected":false},"excerpt":{"rendered":"<p>Grundsatz Wir nehmen den Schutz Ihrer pers\u00f6nlichen Daten sehr ernst und behandeln Ihre personenbezogenen Daten vertraulich und entsprechend der gesetzlichen Datenschutzvorschriften sowie dieser Datenschutzerkl\u00e4rung. Nutzungsbedingungen\u00a0 Der Zugang zu und die Nutzung dieser Webseite unterliegen den nachstehenden Bedingungen dieser Datenschutzerkl\u00e4rung. Sollten Sie hiermit nicht einverstanden sein, nutzen Sie diese Seite bitte nicht. l&#8217;appartements beh\u00e4lt sich vor,&hellip; <a class=\"more-link\" href=\"https:\/\/www.l-appartements.de\/index.php\/datenschutz\/\"><span class=\"screen-reader-text\">Datenschutz<\/span> weiterlesen<\/a><\/p>\n","protected":false},"author":2,"featured_media":0,"parent":0,"menu_order":0,"comment_status":"closed","ping_status":"closed","template":"","meta":{"inline_featured_image":false},"_links":{"self":[{"href":"https:\/\/www.l-appartements.de\/index.php\/wp-json\/wp\/v2\/pages\/1048"}],"collection":[{"href":"https:\/\/www.l-appartements.de\/index.php\/wp-json\/wp\/v2\/pages"}],"about":[{"href":"https:\/\/www.l-appartements.de\/index.php\/wp-json\/wp\/v2\/types\/page"}],"author":[{"embeddable":true,"href":"https:\/\/www.l-appartements.de\/index.php\/wp-json\/wp\/v2\/users\/2"}],"replies":[{"embeddable":true,"href":"https:\/\/www.l-appartements.de\/index.php\/wp-json\/wp\/v2\/comments?post=1048"}],"version-history":[{"count":11,"href":"https:\/\/www.l-appartements.de\/index.php\/wp-json\/wp\/v2\/pages\/1048\/revisions"}],"predecessor-version":[{"id":1838,"href":"https:\/\/www.l-appartements.de\/index.php\/wp-json\/wp\/v2\/pages\/1048\/revisions\/1838"}],"wp:attachment":[{"href":"https:\/\/www.l-appartements.de\/index.php\/wp-json\/wp\/v2\/media?parent=1048"}],"curies":[{"name":"wp","href":"https:\/\/api.w.org\/{rel}","templated":true}]}}